n base 10, what is -10 + 26?
16
In base 5, what is -2 + 12403?
12401
In base 15, what is -2a + -17?
-42
In base 14, what is 3 - -1012?
1015
In base 15, what is 3 + -5d?
-5a
In base 2, what is 101 - 11110011000?
-11110010011
In base 14, what is -a - 178?
-184
In base 6, what is -2234 - -2?
-2232
In base 15, what is -2b9 - 2?
-2bb
In base 11, what is -149 + -1?
-14a
In base 13, what is -2 - -87?
85
In base 4, what is -2 - -132?
130
In base 5, what is 14 - 32?
-13
In base 8, what is -132 - 2?
-134
In base 6, what is 5 + -14?
-5
In base 4, what is -111 + 212?
101
In base 14, what is -2 - 81?
-83
In base 2, what is -1001 - 1100101101?
-1100110110
In base 5, what is -2 + -222?
-224
In base 3, what is 122 - -120?
1012
In base 10, what is -41 + 5?
-36
In base 14, what is -b - 27?
-34
In base 8, what is -37 + 4?
-33
In base 13, what is -49 + 25?
-24
In base 2, what is -110010 + -1100?
-111110
In base 2, what is -11101101101 - 1?
-11101101110
In base 10, what is 575 + -5?
570
In base 12, what is 9 + -1b7?
-1aa
In base 13, what is 79 + 133?
1ac
In base 9, what is 0 - 77?
-77
In base 16, what is -af - 7?
-b6
In base 10, what is 672 + -4?
668
In base 4, what is 32310013 + -1?
32310012
In base 8, what is -2 + 246?
244
In base 14, what is 1d - -3d?
5c
In base 5, what is 3 - -123?
131
In base 10, what is -17 + -16?
-33
In base 10, what is 0 + 14?
14
In base 6, what is -4 + -123?
-131
In base 9, what is -1 - 32?
-33
In base 11, what is -2 + 55?
53
In base 10, what is 8623 + 2?
8625
In base 6, what is -1040035 + 4?
-1040031
In base 15, what is -688 - 3?
-68b
In base 3, what is 1 + -22101121?
-22101120
In base 12, what is a68 - -5?
a71
In base 9, what is 8 + 54?
63
In base 4, what is -2 - 101201?
-101203
In base 7, what is 4 + 146?
153
In base 15, what is -5 + -10cc?
-10d2
In base 11, what is -123 - -69?
-65
In base 7, what is 1546 - -1?
1550
In base 12, what is -151 - 9?
-15a
In base 9, what is -6 + -233?
-240
In base 3, what is 1001 + 102001?
110002
In base 4, what is 0 - 3313?
-3313
In base 12, what is 3 - -385?
388
In base 10, what is 3 - -248?
251
In base 10, what is -10102 - 0?
-10102
In base 15, what is 4 + -1e03?
-1dee
In base 4, what is 201133 - -3?
201202
In base 5, what is -101 + 103?
2
In base 13, what is -4 + 708?
704
In base 11, what is 2 - 102?
-100
In base 16, what is -b + -15?
-20
In base 5, what is -101 + 110?
4
In base 9, what is -6 + -782?
-788
In base 15, what is -43 - 73?
-b6
In base 8, what is -43 + 452?
407
In base 3, what is 2 + 112?
121
In base 2, what is -101000011100 + 10?
-101000011010
In base 11, what is -87 - -7a?
-8
In base 13, what is -494 + -5?
-499
In base 15, what is 116b - 3?
1168
In base 11, what is -a + 16?
7
In base 2, what is 11 + -1010110?
-1010011
In base 8, what is 2503 - 4?
2477
In base 9, what is 3 - -1181?
1184
In base 10, what is -37 + -35?
-72
In base 7, what is -206 - 3?
-212
In base 10, what is 0 + -72?
-72
In base 15, what is 423 + 1?
424
In base 9, what is -7 - 35?
-43
In base 5, what is 244400 - 0?
244400
In base 14, what is 4 - -14?
18
In base 16, what is -12 + -d?
-1f
In base 2, what is -100 + 1?
-11
In base 4, what is 12 + 310?
322
In base 11, what is -4 - 58?
-61
In base 8, what is -122 - -27?
-73
In base 14, what is -17 - -4?
-13
In base 15, what is 30 - -4?
34
In base 11, what is -a + 17?
8
In base 4, what is -12 - -1120?
1102
In base 8, what is -166 - -5?
-161
In base 8, what is 1576 - -2?
1600
In base 12, what is -2 - 37?
-39
In base 5, what is 3231 - -2?
3233
In base 12, what is -6 + -3?
-9
In base 8, what is 4 - 61?
-55
In base 15, what is 6 + -1b?
-15
In base 3, what is 2011 - -1?
2012
In base 12, what is -1434 + -5?
-1439
In base 14, what is 3d1 - 4?
3cb
In base 9, what is -1282 + -7?
-1300
In base 7, what is -31 + -125?
-156
In base 2, what is -100010 + 1?
-100001
In base 7, what is 5343 + -24?
5316
In base 2, what is -11 - -10000001?
1111110
In base 3, what is -100 + -11020?
-11120
In base 8, what is -167 - 31?
-220
In base 15, what is -178 + 3?
-175
In base 10, what is -30 - -51?
21
In base 11, what is 4 - -2551?
2555
In base 13, what is 6b - 0?
6b
In base 8, what is 25 + -102?
-55
In base 9, what is 4 - 208?
-204
In base 10, what is 4 + -2287?
-2283
In base 3, what is -1 + 211020?
211012
In base 14, what is d + -22?
-13
In base 8, what is -10636 - 2?
-10640
In base 3, what is -121202 + -12?
-121221
In base 14, what is 1c4 + 8?
1cc
In base 2, what is 100001 + 11101?
111110
In base 5, what is 2024 + -22?
2002
In base 16, what is -49 + 1?
-48
In base 14, what is 3 + d?
12
In base 8, what is 6 + 145?
153
In base 5, what is 10100 - 2?
10043
In base 3, what is 210122 - 1?
210121
In base 13, what is 0 + 54a?
54a
In base 15, what is -3 - 2ae?
-2b2
In base 2, what is 1100110100011000 - 11?
1100110100010101
In base 10, what is 4 + -4541?
-4537
In base 10, what is 5 - 118?
-113
In base 15, what is 506 - -1?
507
In base 8, what is 5 - 1672?
-1665
In base 6, what is 12 - -31052?
31104
In base 7, what is 151 - -112?
263
In base 9, what is 27 + -16?
11
In base 9, what is -4 + -145?
-150
In base 4, what is 31 + -1012?
-321
In base 6, what is -243 - 5?
-252
In base 10, what is 64 + 13?
77
In base 12, what is 14 - 10?
4
In base 10, what is 1 + -7001?
-7000
In base 15, what is -6 + 130?
129
In base 2, what is -11001000 - 10?
-11001010
In base 11, what is -621 - 2?
-623
In base 5, what is 2 + -24422?
-24420
In base 9, what is 882 - -7?
1000
In base 11, what is -3 + 89?
86
In base 14, what is -2 + 63?
61
In base 6, what is -1324 + -22?
-1350
In base 6, what is 3530 - -2?
3532
In base 3, what is 2001102 + 112?
2001221
In base 4, what is 310 + 110?
1020
In base 10, what is -723 - 5?
-728
In base 5, what is -11 - 12212?
-12223
In base 2, what is 101010010100 - -100?
101010011000
In base 9, what is 5 - -3400?
3405
In base 7, what is -4 + -41?
-45
In base 10, what is -5 - -446?
441
In base 10, what is -17064 - -3?
-17061
In base 13, what is 6 + -22?
-19
In base 10, what is 4 - 81?
-77
In base 3, what is -11101 + 22?
-11002
In base 5, what is 2143 - -4?
2202
In base 5, what is 1241 - 10?
1231
In base 8, what is -2 - -1273?
1271
In base 13, what is -c0 + 9?
-b4
In base 9, what is 0 - 111?
-111
In base 8, what is -2 - 63?
-65
In base 16, what is 0 - 47?
-47
In base 7, what is -331 + -1?
-332
In base 16, what is b3 + 4?
b7
In base 9, what is 11 - 877?
-866
In base 5, what is 414 - 202?
212
In base 9, what is 864 + -1?
863
In base 5, what is -444 - -3?
-441
In base 14, what is 1 + -6c3?
-6c2
In base 8, what is 7 - -421?
430
In base 14, what is -1 + -23?
-24
In base 3, what is 0 + 210?
210
In base 6, what is -240 + 11?
-225
In base 15, what is -2 - 29?
-2b
In base 8, what is 1337 + -2?
1335
In base 16, what is 1a + -7?
13
In base 11, what is -440 - 5?
-445
In base 8, what is 363 - -3?
366
In base 15, what is -5 + -9?
-e
In base 8, what is 14 + 4?
20
In base 14, what is -68 + 4?
-64
In base 6, what is 23 + 1?
24
In base 8, what is -1 + -304?
-305
In base 4, what is 10 - -1033332?
1100002
In base 10, what is 21 - -135?
156
In base 8, what is -15 + -16?
-33
In base 5, what is 2 - -3?
10
In base 8, what is -12 - 5?
-17
In base 13, what is c + 23c?
24b
In base 16, what is -2 - -38a?
388
In base 3, what is 110120 - 11?
110102
In base 4, what is -332 - -1111?
113
In base 5, what is 3233 + 4?
3242
In base 15, what is -5 - a?
-10
In base 8, what is 23 - -1221?
1244
In base 13, what is 720c - 5?
7207
In base 9, what is 6 + 642?
648
In base 5, what is 3 + -3300?
-3242
In base 7, what is 102 + -6?
63
In base 3, what is -11 + 101100?
101012
In base 6, what is -5 - 1022?
-1031
In base 10, what is -4 + 140?
136
In base 4, what is 310120 + 0?
310120
In base 5, what is -1 - -234114?
234113
In base 10, what is -192 + -36?
-228
In base 5, what is -14121 + 3?
-14113
In base 6, what is -1 - -1?
0
In base 16, what is 0 + -18?
-18
In base 16, what is 1a + -8?
12
In base 14, what is a - -c2?
cc
In base 12, what is 6 - -656?
660
In base 8, what is -2 - 7?
-11
In base 4, what is 2 + -1220?
-1212
In base 9, what is 3 - -240?
243
In base 11, what is 4 + 335?
339
In base 16, what is -1 - -2b?
2a
In base 13, what is -96 + -6?
-9c
In base 2, what is -1000 - -1110000?
1101000
In base 12, what is -20 - -50?
30
In base 4, what is 11 - -1120?
1131
In bas